-6
What is 2460 - 2449 - (-1 + 40)?
-28
What is -3 + 9 + 1 + -7?
0
Calculate -9 - ((-10 - -10 - (7 - 0)) + 16).
-18
What is the value of -22 + (5 - 3 - 4) + 10 + -9?
-23
Calculate -4 + -3 + 2 + (-9 + -5 - -4).
-15
-7 - (0 + -2) - 2 - (-1 - 31)
25
Evaluate -27 + 43 + -32 - -16.
0
(-11 - (1 + 0)) + (18 - 31)
-25
What is 2 + -14 + (-80 - -58)?
-34
4 + 8 + -14 - 6
-8
What is -6 + 2 + -14 + 11 - -23?
16
What is the value of 17 - (0 - -2) - 6?
9
36 + (28 - 3) - 23
38
Evaluate -27 - -39 - (25 + -6).
-7
What is 5 + 2 - (1 - -1 - 1) - 22?
-16
Evaluate -18 + (-1 - -34) + -5.
10
Evaluate (-9 + -11 - (-26 + 21)) + -7.
-22
What is the value of (6 - 0) + (-6 - (4 - 7))?
3
Evaluate 2 + (-7 - 3) - (4 + -47 + 4).
31
2 - 11 - (-16 - -5 - -9)
-7
Evaluate (3 - 9) + (23 - 10 - 8 - 9).
-10
(-14 - (12 - 5 - 13)) + 3 + 2
-3
Calculate -3 + -2 + (-3 + -4 - -7).
-5
13 + -12 + (-2 - -15) - 17
-3
Evaluate -1 + 2 + (92 - 90) - (-19 + 1).
21
Evaluate 20 - ((-13 - 7) + 30).
10
23 + -13 - (4 + (14 - -5))
-13
What is -10 + 2 - (2 - (0 - -8))?
-2
(2 - (2 + -4)) + 19 + -15
8
Calculate -8 - ((-4 - (7 + -10 + 0)) + 5).
-12
Evaluate 9 - ((-151 - -161) + (9 - 0)).
-10
-2 - 19 - (365 - 383)
-3
18 - 23 - (0 - (3 + 2 - 7))
-7
What is the value of (1 + -9 + 9 - -1) + -1 + 1?
2
Evaluate 7 - ((-8 - (8 + -6)) + 3 + -1).
15
What is (1 + 0 - 7) + 62 + -51 + 3?
8
What is the value of (28 - 28) + (-15 - -6) + -2?
-11
Evaluate (-2 - -8) + -13 + 15 - 0.
8
Evaluate -18 - (2 + -8) - (-3 - 20).
11
(-19 - -3) + (21 + -26 - 6)
-27
Calculate 167 - 204 - (-1 - 20).
-16
Evaluate (-4 - (-6 - (-5 + 2 - 6))) + 0.
-7
What is (-31 - (-7 + 1)) + 9?
-16
-14 + (78 - 43) + -47
-26
0 + -5 - (-2 - -8 - (-6 - -9))
-8
Calculate 10 + (14 + -5 - 21).
-2
What is the value of (1 - (-19 + -2 + 15)) + -1?
6
Calculate 11 + -1 - (5 - ((-4 - -8) + 3)).
12
(-1 + 0 - 14) + 12 - -12
9
Evaluate 0 + -7 - -3 - (-9 - -20 - 17).
2
(0 + 1 + 6 - (4 + 0)) + 3
6
Calculate 4 - (-1 - -5) - -4.
4
What is the value of -2 - 0 - (108 + -122)?
12
What is the value of 1 + -3 + 3 + (19 - 10) + -8?
2
Evaluate -2 - (-1 - 6 - 0 - 14) - 7.
12
What is the value of -15 - (-13 - -9 - 12)?
1
Calculate (-3 - -8 - 9) + -4 + -1.
-9
What is 19 + (-13 - 6 - -6)?
6
What is the value of (2 - 8 - (-9 + 4 + -7)) + 26?
32
What is -11 + -4 + (-3 - -2 - (0 + -5))?
-11
What is the value of 7 - (-8 + 17 + -19)?
17
What is -11 + (-5 - (-8 + 15 - 14))?
-9
Calculate -1 + (7 + -9 - -29) + -14.
12
1 + (0 - -9) - (1 + -13 + 14)
8
Calculate 4 + (18 - 31) + 6.
-3
What is the value of 14 - 27 - (1 - 7)?
-7
Calculate -84 + 41 + -12 - -36.
-19
Calculate (8 - (-7 + -6)) + 3 + -2.
22
What is (25 - 33) + 11 - (20 - 2)?
-15
What is 9 + (-10 - 8) + 2 + 3 + 0?
-4
6 + (-15 - (10 + -3 - (13 - 1)))
-4
-3 + -10 + 15 + -4 + 2
0
What is the value of -1 - 3 - (97 + -98) - -31?
28
Calculate (-4 - -1) + (-49 - -8 - -18).
-26
Evaluate -24 - ((-19 - -24) + -11).
-18
What is -5 - ((3 - 1) + -7 + (9 - 8))?
-1
What is (-290 - -273) + 17 + -2?
-2
Calculate (2 - -5) + 1 + (5 - -1) + -1.
13
-1 - 1 - -34 - (9 + (43 - 46))
26
What is (3 - 4) + -14 + (12 - 2)?
-5
Evaluate -12 - (1 + 0 - (96 - 89)).
-6
Calculate (0 + -8 + 3 - (91 + -104)) + -24.
-16
What is the value of -8 + 20 + (4 - 25)?
-9
What is 7 + -2 + (-38 - -19) + 4?
-10
What is the value of -7 + -2 + 0 - 6 - -12?
-3
Evaluate -8 + -1 - 6 - -35 - (3 + -6).
23
What is 2 + 7 + -25 + 3 - (-3 + -7)?
-3
Calculate -9 + 1 - (10 + -3).
-15
Evaluate -1 + 14 + 2 + (-7 - -1 - 0).
9
Calculate -3 + 0 + 14 + -6 + 5.
10
What is -22 + 32 + 5 - (36 + 9)?
-30
Calculate 8 + (8 + -11 - 15) - -6.
-4
What is the value of 17 - (-19 + 6 - -22)?
8
Evaluate -3 - (8 - (-4 + (2 - (4 + -5)))).
-12
What is 0 - 62 - (-333 + 321) - -20?
-30
-1 + (21 - 0) + -4 + (1 - 6)
11
What is (-8 + (0 - 2) - 2) + (8 - 2)?
-6
(-21 - -1) + (16 - -3)
-1
What is (-15 - -3 - -16 - 3) + -5?
-4
Calculate -2 + 1 + (-44 - -45 - 15).
-15
What is the value of -22 - (-13 - (-12 + -5 - -11))?
-15
-1 + -21 - -1 - (978 + -980)
-19
What is (-126 - -129) + -1 + -1?
1
Calculate -1 - (-8 - -13 - -7).
-13
Evaluate -34 + (13 - (-13 - 2)).
-6
What is 17 + -4 + -16 + -10?
-13
Calculate -24 + -1 + (1 + -6 - -12) + 5.
-13
Evaluate 4 + 1 - 9 - -9 - 9.
-4
5 - (7 + (8 - 6 - -6))
-10
What is 10 - -2 - (-40 - (-40 - 8))?
4
What is -2 + (3 - 3 - -3 - -4) - 2?
3
What is (-28 - -5) + (14 - 5)?
-14
Evaluate (-11 - (-17 - -18)) + 20.
8
What is the value of 2 - (4 - (-5 - (5 + -15)) - 0)?
3
Calculate -8 + (5 + -2 + 1 - 1) + 2.
-3
Calculate -12 + 18 - (-4 - (-4 - -1)) - 37.
-30
What is the value of 25 + 1 + -15 - 3?
8
Calculate 20 - (-1 - -8 - (-4 - (-2 - 17))).
28
(1 - 3 - -7) + (90 - 92) - -11
14
What is the value of -1 + -15 + (-142 + 140 - (0 - 9))?
-9
Calculate 138 + -112 + (0 - (0 + 8)).
18
Evaluate -4 - (21 + -39 - -11).
3
What is the value of -18 - ((3 - 2) + -11 - (40 - 44))?
-12
What is the value of (-1 - 1) + (823 - 807)?
14
What is 8 - (-8 + -1 + 4 + 2)?
11
Calculate (-48 - -16) + -5 + 38.
1
-6 - ((3 - 7) + 20 + -21 + 6)
-7
Calculate 3 + -27 + -38 + (31 - 7).
-38
Evaluate 17 - (0 + 22) - (1 - -11).
-17
Calculate (-4352 - -4377) + 1 + (-1 - -4).
29
Calculate 8 + 1 + -1 + 0 - (-388 + 377).
19
13 + (1 + 4 - (18 + (-4 - 9)))
13
What is 23 - (-20 + 24 + 1)?
18
What is the value of 0 - (-20 - -8 - -11)?
1
Calculate (0 + -2 - (-153 + 155)) + (-6 - 1).
-11
Evaluate (-27 - -1) + -42 + -27 + 84.
-11
Calculate (-13 - -8) + -8 + 3.
-10
-19 + -12 + 43 + -17
-5
19 + -15 + 7 + 3
14
What is the value of -3 - (-7 + 3 + (-4 - (-7 + 2)))?
0
-2 + -7 + (2 + 9 - 8 - 6)
-12
Evaluate -4 - ((2 - 2) + (5 - (-3 - -10))).
-2
Calculate 1 + (-1 + 1 - (150 + -158)).
9
What is the value of 7 + (-4 - (-8 + -4 + -18 + 4))?
29
Evaluate 36 + -34 + (-10 + 9 - (-1 - 8)).
10
Calculate (27 - (4 + 8)) + -4.
11
What is 36 - 21 - (6 - -24)?
-15
5 + 10 - (27 + -20 + -18)
26
Evaluate -527 + 542 - (53 - 3 - 1).
-34
Evaluate (-5 - (-11 + -4 + 5) - 10) + 4.
-1
Calculate (3 - (-21 + 34)) + 30.
20
What is the value of 1 - (3 + 6) - (4 + 0 + -1)?
-11
Evaluate (-4 + 5 - -26) + -34.
-7
What is -6 + -2 - (14 - (16 + 3 + -11))?
-14
(-2 - (2 - 0)) + (9 - 13) - 5
-13
What is the value of -18 + 41 - (2 - -10)?
11
Calculate 25 - (4 + (-9 - 4) + 7).
27
1 + (-4 - -6) + (-13 - -11) - -3
4
678 + -678 - (1 + 9)
-10
What is 17 - 23 - (2 - 7) - 7?
-8
What is 20 + (6 - (29 + 8))?
-11
Calculate -6957 + 6955 + -1 + 0 + 0 + -17.
-20
Evaluate 20 + -16 + 17 + 3 - (-1 + 8).
17
-6 - (-3 + -1 + (23 - 25)) - -4
4
14 + -8 + -24 + 1
-17
Evaluate -28 + 74 + (-7 - 23).
16
What is -8 - 7 - -18 - -13?
16
Calculate (25 - 16) + 0 - 13 - 2.
-6
What is -4 - (-9 + (11 - -3) + -4)?
-5
Calculate 3 + (11 - -4 - (6 + -7 + 7)).
12
-8 + 30 + -12 + (-5 - 3)
2
Evaluate (-62 - -59) + (5 - (3 + -6)) + -20.
-15
-36 + -22 + 3 + 33
-22
Calculate 21 + (-23 - 25 - -30).
3
What is (-3 - 5 - (-2 - -2)) + (-24 - -13)?
-19
What is 0 + (-12 - (-7 - (4 + 1)))?
0
Calculate 31 + (-49 - -14) + -3 + -2.
-9
What is the value of 29 - (-13 + 23) - (14 + -3)?
8
3 + (7 + (14 - 35) - -30)
19
What is 30 + (40 - 49) + -39?
-18
Calculate -7 - (-7 - (-16 + 5) - 12) - 2.
-1
Evaluate (-12 - ((2 - -5) + -4)) + 6.
-9
Calculate -21 + (11 - (0 + -20)).
10
11 + -24 - (2 + 1) - -4
-12
What is 18 - 34 - -2 - (-1 - 1)?
-12
What is -6 - (-1 - (5 - 1) - 2)?
1
-66 - -79 - (2 + -1)
12
1 + -1 - (-3 + (-19 - -38))
-16
Calculate (-2 - (5 - (-11 - -15))) + -2 + 14.
9
Evaluate -31 + (-1 - -18) - -10.
-4
What is (-27 - -1 - -13 - -21) + -7?
1
What is -2 - -16 - 18 - ((1 - 1) + 2)?
-6
5 - (18 + -27 - (-2 + -1 + -11))
0
What is the value of (9 - 0) + (12 + -4 - 1 - 9)?
7
Calculate (48 - 55) + (-2 - (1 + -4) - -33).
27
Calculate (-11 - (-24 + 6)) + -1.
6
Evaluate 1 - 0 - (191 + -195).
5
What is the value of -31 + 13 - (-12 - -4)?
-10
Calculate 28 + 2 - (233 + -215).
12
What is the value of (18 - (16 - -1)) + 8?
9
What is 1 + -3 + (48 - 26 - 6)?
14
Calculate -5 - ((-5 + 0 - 2) + -13 - 5).
20
-4 + (-1 - 0) + -80 + 77 - -28
20
What is the value of (-1 - -1) + -6 - (-104 - -110)?
-12
-19 - (-59 - -30) - 14
-4
What is the value of -6 + 2 + -9 + 5 + 11?
3
Calculate -39 - (15 + (-25 - (-2 - -9))).
-22
What is the value of 5 + (10 - (-4 + 6) - (1 + 1))?
11
369 + -370 + 9 + -2
6
Calculate -41 + -6 + 16 - ((-1 - -14) + -14).
-30
(-19 - -28 - -14) + -46
-23
What 